o) = o**2 - 783*o - 18543. Give z(-23).
-5
Let h(t) = t**3 + 9*t**2 - t. Give h(-10).
-90
Let a(d) = 17*d**2 + 3147*d + 377. Calculate a(-185).
7
Let m(s) = s**3 - 30*s**2 - 114*s + 4150. Determine m(29).
3
Let w(q) = -q**2 - 12*q + 3315. What is w(-64)?
-13
Let c(g) = -3*g**3 - 157*g**2 - 31*g + 1099. Give c(-52).
7
Let d(s) = -3*s**3 - 25*s**2 - 30*s + 9. What is d(-3)?
-45
Let n(r) = 60*r + 822. Calculate n(-14).
-18
Let p(b) = -149*b + 2830. Give p(19).
-1
Let o(t) = 17*t - 770. What is o(42)?
-56
Let d(b) = -b**3 - 80*b**2 - 168*b - 845. Calculate d(-78).
91
Let p(h) = 4*h**3 + 81*h**2 - 16*h + 49. Calculate p(-20).
769
Let a(l) = -l**3 + 10*l**2 + 23*l + 29. Calculate a(12).
17
Let d(p) = p**3 - 6*p**2 - 13*p - 44. Determine d(9).
82
Let d(n) = 384*n - 3466. What is d(9)?
-10
Let p(u) = -u**2 + 24*u + 19. Give p(26).
-33
Let z(u) = -9*u**2 - 555*u - 142. Determine z(-60).
758
Let t(o) = -o**3 - 17*o**2 - 36*o - 10. Give t(-15).
80
Let u(y) = 76*y - 886. What is u(10)?
-126
Let w(g) = g**2 - 46*g + 441. Determine w(12).
33
Let s(o) = -256*o - 3202. Determine s(-13).
126
Let s(t) = -30*t - 2049. Give s(-69).
21
Let v(g) = -g**3 + 34*g**2 - 3*g + 167. Give v(34).
65
Let s(m) = -4*m**3 + 29*m**2 - 27*m + 138. Determine s(7).
-2
Let y(z) = -1855*z - 369154. Determine y(-199).
-9
Let b(o) = o**2 - 61*o + 798. Calculate b(16).
78
Let z(q) = 475*q + 3745. What is z(-8)?
-55
Let n(w) = -3*w**2 - 10*w - 62. Give n(-2).
-54
Let y(r) = r**3 - 12*r**2 + 43*r - 32. Calculate y(5).
8
Let i(r) = r**3 + 29*r**2 + 34*r + 148. What is i(-28)?
-20
Let f(t) = 38*t**2 + 70*t + 34. Determine f(-1).
2
Let t(d) = 3*d - 142. Determine t(-24).
-214
Let i(b) = 3*b**3 - 183*b**2 + 178*b + 180. What is i(60)?
60
Let s(c) = c**2 + 24*c - 29. Give s(-30).
151
Let h(r) = -2*r**2 - 54*r + 495. Determine h(7).
19
Let u(d) = -d**2 - 23*d - 102. Give u(-17).
0
Let h(g) = g**3 - 64*g**2 + 117*g - 3370. Determine h(63).
32
Let q(a) = -5*a**2 + 36*a + 10. Give q(9).
-71
Let u(k) = k**3 + 3*k**2 - 107*k - 405. Determine u(-4).
7
Let l(i) = i**3 + 17*i**2 - 575*i - 6. What is l(0)?
-6
Let i(f) = -f**2 + 227*f - 6713. Give i(35).
7
Let l(w) = -w**3 + 63*w**2 + 136*w - 391. Give l(65).
-1
Let x(p) = -17*p - 82. What is x(-4)?
-14
Let n(a) = 19*a - 1836. Give n(119).
425
Let o(k) = -133*k - 404. Determine o(-7).
527
Let m(c) = 7175*c + 143488. Give m(-20).
-12
Let b(h) = 3*h**2 - 10*h + 1. Calculate b(11).
254
Let i(g) = -42*g + 287. Calculate i(7).
-7
Let y(l) = -l**3 + 81*l**2 + 17*l - 7819. Calculate y(80).
-59
Let q(s) = 15*s + 73. Calculate q(-10).
-77
Let z(w) = 2*w**3 - 40*w**2 - 16*w + 21. Give z(20).
-299
Let v(q) = -5*q**2 + 62*q + 32. Determine v(11).
109
Let z(x) = x**3 - 22*x**2 - 50*x + 32. What is z(24)?
-16
Let r(c) = 2*c**3 - 243*c**2 + 348*c + 1423. Calculate r(120).
-17
Let w(c) = 2*c**3 + 16*c**2 - 47*c - 254. What is w(-9)?
7
Let i(b) = 5*b**2 - 147*b + 707. Determine i(6).
5
Let a(l) = 20*l - 177. Calculate a(0).
-177
Let u(y) = -2259*y - 42934. Give u(-19).
-13
Let w(z) = -z**3 - 5*z**2 + 28*z - 18. Calculate w(-8).
-50
Let d(a) = a**3 + 25*a**2 + 47*a + 22. Give d(-23).
-1
Let q(z) = 6*z**2 - 18*z + 16. What is q(5)?
76
Let k(w) = -w**3 - 38*w**2 + 2*w + 8. Give k(0).
8
Let l(g) = -17*g**2 + 93*g - 25. What is l(6)?
-79
Let a(u) = -14*u**2 - 352*u - 696. Determine a(-23).
-6
Let h(r) = -113*r + 34. Determine h(1).
-79
Let b(f) = -3*f**2 - 215*f - 3833. Calculate b(-38).
5
Let p(g) = -27*g - 2289. Determine p(-85).
6
Let r(v) = -v**3 - 5*v**2 - 144*v - 555. What is r(-4)?
5
Let l(z) = 4*z**2 - 14*z - 205. Determine l(-9).
245
Let q(f) = -f**2 + 69*f - 216. Give q(67).
-82
Let d(r) = -3*r**3 + 274*r**2 - 91*r - 12. Give d(91).
-12
Let s(f) = -154*f - 85. What is s(-3)?
377
Let m(k) = -k**3 - 4*k**2 - 6*k - 29. What is m(-4)?
-5
Let i(u) = -2896*u - 6. Determine i(0).
-6
Let b(s) = 135*s - 779. Give b(5).
-104
Let w(g) = g**3 - 31*g**2 - 110*g + 4197. Determine w(30).
-3
Let g(l) = 6*l**2 - 9*l + 7. Give g(1).
4
Let c(m) = m**3 - 19*m**2 - 87*m + 27. Calculate c(-4).
7
Let b(a) = 32*a - 1307. Calculate b(40).
-27
Let b(s) = s**2 - s + 5. Determine b(16).
245
Let a(o) = -7*o**3 + 2*o**2 + 63*o + 63. What is a(-1)?
9
Let x(v) = v**2 + 20*v + 88. Determine x(-13).
-3
Let b(d) = -d**2 + 178*d - 1445. Give b(8).
-85
Let t(p) = p**3 + 85*p**2 - 176*p - 25. Give t(-87).
149
Let y(a) = -279*a + 54. Calculate y(-2).
612
Let t(o) = -2*o**3 - 12*o**2 + 8*o + 55. Calculate t(-5).
-35
Let y(i) = 6507*i + 13012. What is y(-2)?
-2
Let y(f) = -45*f - 561. What is y(-10)?
-111
Let x(s) = 9*s**2 + 72*s + 74. Give x(-1).
11
Let k(h) = 16*h - 89. Determine k(9).
55
Let f(t) = 104*t**2 - 431*t - 3. Give f(4).
-63
Let l(u) = 412*u + 2882. Give l(-7).
-2
Let n(z) = z**3 + 67*z**2 - 1144*z - 821. Calculate n(-81).
-11
Let s(k) = -k**2 + 155*k - 2459. Calculate s(18).
7
Let a(k) = -2*k**2 + 32*k - 31. Determine a(12).
65
Let q(j) = -2*j**3 - 10*j**2 + 13*j. Determine q(-7).
105
Let d(c) = -2*c**3 - 3*c**2 - 10*c + 12. Determine d(-4).
132
Let u(c) = 3*c - 29. What is u(-3)?
-38
Let d(p) = p**3 - 7*p**2 - 90*p - 232. Calculate d(14).
-120
Let c(s) = -3*s**3 + 170*s**2 + 48*s + 562. Calculate c(57).
49
Let j(y) = y**3 - 10*y**2 - 120*y + 11. Determine j(17).
-6
Let n(z) = z**3 + 10*z**2 - 5*z - 179. Give n(-7).
3
Let t(g) = 2*g**2 - 33*g - 14. Calculate t(20).
126
Let w(d) = 15*d**2 - d - 4. What is w(-1)?
12
Let j(z) = -38*z**3 - 6689*z**2 - 170*z + 1058. Give j(-176).
2
Let x(a) = -a**3 - 31*a**2 - 6*a - 172. Give x(-31).
14
Let v(b) = b**2 - 5*b - 330. Give v(-16).
6
Let o(f) = 34*f - 21. What is o(3)?
81
Let m(s) = -235*s - 523. What is m(-2)?
-53
Let p(n) = 3*n**2 + 28*n + 116. Give p(-14).
312
Let s(m) = 2484*m + 69551. Calculate s(-28).
-1
Let d(h) = 2*h**2 - 22*h + 7. Determine d(10).
-13
Let o(v) = 7*v**2 + 30*v - 3. What is o(-4)?
-11
Let x(y) = 2*y**3 - 17*y**2 - 32*y + 26. Calculate x(10).
6
Let x(i) = -154*i + 3071. Calculate x(20).
-9
Let p(z) = -z**2 + 21*z - 119. What is p(31)?
-429
Let f(k) = 47*k**2 - 641*k + 1956. Give f(9).
-6
Let y(m) = -231*m - 8089. Calculate y(-35).
-4
Let q(a) = 119*a - 5325. Calculate q(45).
30
Let d(g) = 6*g + 70. What is d(6)?
106
Let j(k) = -k**2 - 10*k + 11. Calculate j(-6).
35
Let a(o) = -4*o**3 - 22*o**2 - 12*o + 27. What is a(-4)?
-21
Let p(g) = -2*g - 186. What is p(-46)?
-94
Let k(i) = -i**2 - 6*i + 22. What is k(-15)?
-113
Let k(a) = -a + 71. Give k(-3).
74
Let w(m) = 5*m + 136. Determine w(-21).
31
Let w(m) = -2*m**3 + 351*m**2 + 352*m - 30970. What is w(176)?
6
Let v(f) = 60*f - 141. Calculate v(2).
-21
Let g(r) = -27*r**2 - 348*r + 53. What is g(-13)?
14
Let y(a) = -17*a**3 - 84*a**2 - 23*a - 171. Give y(-5).
-31
Let y(f) = -530*f + 2042. Calculate y(4).
-78
Let a(p) = -23*p + 189. Calculate a(7).
28
Let r(t) = -4*t**3 - 108*t**2 - 223*t - 66. Calculate r(-25).
509
Let u(b) = -b**3 - 76*b**2 + 159*b + 177. Give u(-78).
-57
Let v(u) = u**2 + 96*u + 1412. What is v(-24)?
-316
Let q(s) = 2*s**3 - 17*s**2 - 3*s - 119. Give q(0).
-119
Let d(g) = 4*g**2 - 26*g - 97. Give d(9).
-7
Let z(y) = y**3 + 7*y**2 + 2*y + 11. Calculate z(-7).
-3
Let u(o) = 14*o + 99. Calculate u(-12).
-69
Let l(b) = 900*b - 3607. Determine l(4).
-7
Let a(b) = -362*b - 3270. Determine a(-9).
-12
Let f(a) = a**3 + 26*a**2 - 35*a - 213. Determine f(-27).
3
Let z(r) = 190*r + 56. Give z(0).
56
Let n(o) = 4*o**2 + 232*o - 1334. What is n(-63)?
-74
Let t(u) = 5*u - 13. Give t(8).
27
Let l(h) = 16*h**2 - 302*h + 739. Give l(16).
3
Let a(m) = -186*m + 9850. What is a(53)?
-8
Let g(t) = -2*t**3 + 33*t**2 - 6*t - 89. Calculate g(16).
71
Let s(p) = p**3 - p**2 + 2*p + 55. Calculate s(0).
55
Let n(s) = 8*s**2 + 115*s + 138. What is n(-13)?
-5
Let u(a) = 13*a - 176. Give u(12).
-20
Let r(j) = j**2 - 3558*j - 42840. Determine r(-12).
0
Let h(a) = -a**3 + 36*a**2 - 75*a + 35. Give h(34).
-203
Let v(z) = -2*z**3 + 6*z**2 + 102*z + 50. Calculate v(9).
-4
Let i(w) = -2*w**2 + 274*w + 2281. Determine i(-8).
-39
Let r(b) = 7*b - 27. What is r(16)?
85
Let c(w) = 36*w**2 + 685*w + 26. Give c(-19).
7
Let x(b) = -3*b**2 + 821*b - 12851. What is x(257)?
-1
Let o(u) = u**3 - 8*u**2 - 45*u + 18. Calculate o(12).
54
Let i(z) = -254*z + 253. Calculate i(1).
-1
Let c(f) = f**2 + 16*f - 489